{"id":987,"date":"2020-01-23T12:05:54","date_gmt":"2020-01-23T11:05:54","guid":{"rendered":"http:\/\/gwgyaakhw.preview.infomaniak.website\/?page_id=987"},"modified":"2020-01-30T11:28:14","modified_gmt":"2020-01-30T10:28:14","slug":"schmolitz","status":"publish","type":"page","link":"https:\/\/mirjamlandolt.com\/de\/schmolitz\/","title":{"rendered":"schmolitz"},"content":{"rendered":"<p>[et_pb_section fb_built=\u00a0\u00bb1&Prime; custom_padding_last_edited=\u00a0\u00bbon|phone\u00a0\u00bb _builder_version=\u00a0\u00bb4.2.2&Prime; background_color=\u00a0\u00bb#fffffb\u00a0\u00bb custom_margin=\u00a0\u00bb||||false|true\u00a0\u00bb custom_padding=\u00a0\u00bb8%|5%|5%|5%|false|true\u00a0\u00bb custom_padding_tablet=\u00a0\u00bb\u00a0\u00bb custom_padding_phone=\u00a0\u00bb1%||||false|true\u00a0\u00bb][et_pb_row column_structure=\u00a0\u00bb3_5,2_5&Prime; custom_padding_last_edited=\u00a0\u00bbon|phone\u00a0\u00bb _builder_version=\u00a0\u00bb4.2.2&Prime; width=\u00a0\u00bb100%\u00a0\u00bb max_width=\u00a0\u00bb2560px\u00a0\u00bb custom_margin=\u00a0\u00bb||||false|false\u00a0\u00bb custom_padding=\u00a0\u00bb||||false|true\u00a0\u00bb custom_padding_tablet=\u00a0\u00bb||||false|true\u00a0\u00bb custom_padding_phone=\u00a0\u00bb||||false|true\u00a0\u00bb][et_pb_column type=\u00a0\u00bb3_5&Prime; _builder_version=\u00a0\u00bb4.1&Prime;][et_pb_code _builder_version=\u00a0\u00bb4.2.2&Prime; custom_margin=\u00a0\u00bb||0px||false|false\u00a0\u00bb]<iframe loading=\"lazy\" src=\"https:\/\/player.vimeo.com\/video\/274708223?portrait=0\" width=\"640\" height=\"480\" frameborder=\"0\" allow=\"autoplay; fullscreen\" allowfullscreen><\/iframe>[\/et_pb_code][et_pb_text _builder_version=\u00a0\u00bb4.2.2&Prime; custom_padding=\u00a0\u00bb||||false|false\u00a0\u00bb hover_enabled=\u00a0\u00bb0&Prime; content_last_edited=\u00a0\u00bbon|tablet\u00a0\u00bb content_phone=\u00a0\u00bb<\/p>\n<p>schmolitz \u2013 court-m\u00e9trage\u00a0<br \/>\u00a9 2018, caroline etter<\/p>\n<p>\u00a0\u00bb text_font_size_last_edited=\u00a0\u00bbon|phone\u00a0\u00bb text_font_size_phone=\u00a0\u00bb12px\u00a0\u00bb text_line_height_last_edited=\u00a0\u00bbon|phone\u00a0\u00bb text_line_height_phone=\u00a0\u00bb1em\u00a0\u00bb custom_padding_last_edited=\u00a0\u00bbon|phone\u00a0\u00bb custom_padding_phone=\u00a0\u00bb2%||||false|false\u00a0\u00bb]<\/p>\n<p>schmolitz \u2013 kurzfilm \u00a9 2018 caroline etter<\/p>\n<p>[\/et_pb_text][\/et_pb_column][et_pb_column type=\u00a0\u00bb2_5&Prime; _builder_version=\u00a0\u00bb4.1&Prime;][et_pb_text _builder_version=\u00a0\u00bb4.2.2&Prime; header_font=\u00a0\u00bbDM Sans||||||||\u00a0\u00bb header_font_size=\u00a0\u00bb4vw\u00a0\u00bb custom_padding=\u00a0\u00bb||||false|false\u00a0\u00bb header_font_size_tablet=\u00a0\u00bb8vw\u00a0\u00bb header_font_size_phone=\u00a0\u00bb10vw\u00a0\u00bb header_font_size_last_edited=\u00a0\u00bbon|phone\u00a0\u00bb]<\/p>\n<h1>schmolitz<\/h1>\n<p>Kamera f\u00fcr Dokumentar-Kurzfilm<br \/> von\u00a0<a href=\"https:\/\/www.carolineetter.com\/\" target=\"_blank\" rel=\"noopener noreferrer\"><span style=\"text-decoration: underline;\">caroline etter<\/span><\/a>, 2018<\/p>\n<p>[\/et_pb_text][et_pb_text _builder_version=\u00a0\u00bb4.2.2&Prime; custom_padding=\u00a0\u00bb3%||3%|0%|true|false\u00a0\u00bb border_width_top=\u00a0\u00bb2px\u00a0\u00bb border_width_bottom=\u00a0\u00bb2px\u00a0\u00bb]<\/p>\n<p>2K \/ Farbe \/ 4 min \/ Schweiz<br \/> \u2605 carte blanche,\u00a0<span style=\"text-decoration: underline;\">Mus\u00e9e de l\u2019Elys\u00e9e<\/span>, <br \/>La nuit de l\u2019image, Lausanne<br \/> \u2605 Selektion <span style=\"text-decoration: underline;\">Kasseler Dokfest,<\/span> Deutschland, 2018<\/p>\n<p>[\/et_pb_text][et_pb_text _builder_version=\u00a0\u00bb4.2.2&Prime; custom_margin=\u00a0\u00bb||||false|false\u00a0\u00bb]<\/p>\n<p><span>Schmolitz, ein Westschweizer Ausdruck f\u00fcr ein Ritual, bei dem zwei Personen, Glas in der Hand, ihren rechten Arm kreuzen und dann gemeinsam ihr Glas leeren. Das Eis wird so gebrochen und man wird von Fremden zu Kameraden...<\/span><\/p>\n<p>[\/et_pb_text][\/et_pb_column][\/et_pb_row][\/et_pb_section]<\/p>","protected":false},"excerpt":{"rendered":"<p>schmolitz \u2013 court-m\u00e9trage\u00a0\u00a9 2018, caroline etter schmolitz image sur le court-m\u00e9trage documentaire de\u00a0caroline etter, 20182K \/ couleur \/ 4 min. \/ Suisse \u2605 carte blanche,\u00a0Mus\u00e9e de l\u2019Elys\u00e9e, La nuit de l\u2019image, Lausanne \u2605 s\u00e9lection Kasseler Dokfest, Allemagne, 2018Schmolitz, cette expression suisse romande d\u00e9signe un rituel au cours duquel deux personnes, verre \u00e0 la\u00a0main, croisent le [&hellip;]<\/p>","protected":false},"author":1,"featured_media":0,"parent":0,"menu_order":0,"comment_status":"closed","ping_status":"closed","template":"","meta":{"_et_pb_use_builder":"on","_et_pb_old_content":"","_et_gb_content_width":"","footnotes":""},"class_list":["post-987","page","type-page","status-publish","hentry"],"yoast_head":"<!-- This site is optimized with the Yoast SEO plugin v23.9 - https:\/\/yoast.com\/wordpress\/plugins\/seo\/ -->\n<title>schmolitz - Mirjam Landolt<\/title>\n<meta name=\"description\" content=\"court-m\u00e9trage documentaire de l&#039;artiste Caroline Etter. 2018. 2K \/ couleur \/ 4 min. \/ Suisse. Cheffe-Op\u00e9ratrice : Mirjam Landolt\" \/>\n<meta name=\"robots\" content=\"index, follow, max-snippet:-1, max-image-preview:large, max-video-preview:-1\" \/>\n<link rel=\"canonical\" href=\"http:\/\/mirjamlandolt.com\/de\/schmolitz\/\" \/>\n<meta property=\"og:locale\" content=\"de_DE\" \/>\n<meta property=\"og:type\" content=\"article\" \/>\n<meta property=\"og:title\" content=\"schmolitz - Mirjam Landolt\" \/>\n<meta property=\"og:description\" content=\"court-m\u00e9trage documentaire de l&#039;artiste Caroline Etter. 2018. 2K \/ couleur \/ 4 min. \/ Suisse. Cheffe-Op\u00e9ratrice : Mirjam Landolt\" \/>\n<meta property=\"og:url\" content=\"http:\/\/mirjamlandolt.com\/de\/schmolitz\/\" \/>\n<meta property=\"og:site_name\" content=\"Mirjam Landolt\" \/>\n<meta property=\"article:modified_time\" content=\"2020-01-30T10:28:14+00:00\" \/>\n<meta name=\"twitter:card\" content=\"summary_large_image\" \/>\n<meta name=\"twitter:label1\" content=\"Gesch\u00e4tzte Lesezeit\" \/>\n\t<meta name=\"twitter:data1\" content=\"2\u00a0Minuten\" \/>\n<script type=\"application\/ld+json\" class=\"yoast-schema-graph\">{\"@context\":\"https:\/\/schema.org\",\"@graph\":[{\"@type\":\"WebPage\",\"@id\":\"http:\/\/mirjamlandolt.com\/de\/schmolitz\/\",\"url\":\"http:\/\/mirjamlandolt.com\/de\/schmolitz\/\",\"name\":\"schmolitz - Mirjam Landolt\",\"isPartOf\":{\"@id\":\"https:\/\/mirjamlandolt.com\/#website\"},\"datePublished\":\"2020-01-23T11:05:54+00:00\",\"dateModified\":\"2020-01-30T10:28:14+00:00\",\"description\":\"court-m\u00e9trage documentaire de l'artiste Caroline Etter. 2018. 2K \/ couleur \/ 4 min. \/ Suisse. Cheffe-Op\u00e9ratrice : Mirjam Landolt\",\"breadcrumb\":{\"@id\":\"http:\/\/mirjamlandolt.com\/de\/schmolitz\/#breadcrumb\"},\"inLanguage\":\"de-CH\",\"potentialAction\":[{\"@type\":\"ReadAction\",\"target\":[\"http:\/\/mirjamlandolt.com\/de\/schmolitz\/\"]}]},{\"@type\":\"BreadcrumbList\",\"@id\":\"http:\/\/mirjamlandolt.com\/de\/schmolitz\/#breadcrumb\",\"itemListElement\":[{\"@type\":\"ListItem\",\"position\":1,\"name\":\"Accueil\",\"item\":\"https:\/\/mirjamlandolt.com\/\"},{\"@type\":\"ListItem\",\"position\":2,\"name\":\"schmolitz\"}]},{\"@type\":\"WebSite\",\"@id\":\"https:\/\/mirjamlandolt.com\/#website\",\"url\":\"https:\/\/mirjamlandolt.com\/\",\"name\":\"Mirjam Landolt\",\"description\":\"Portfolio\",\"potentialAction\":[{\"@type\":\"SearchAction\",\"target\":{\"@type\":\"EntryPoint\",\"urlTemplate\":\"https:\/\/mirjamlandolt.com\/?s={search_term_string}\"},\"query-input\":{\"@type\":\"PropertyValueSpecification\",\"valueRequired\":true,\"valueName\":\"search_term_string\"}}],\"inLanguage\":\"de-CH\"}]}<\/script>\n<!-- \/ Yoast SEO plugin. -->","yoast_head_json":{"title":"schmolitz - Mirjam Landolt","description":"court-m\u00e9trage documentaire de l'artiste Caroline Etter. 2018. 2K \/ couleur \/ 4 min. \/ Suisse. Cheffe-Op\u00e9ratrice : Mirjam Landolt","robots":{"index":"index","follow":"follow","max-snippet":"max-snippet:-1","max-image-preview":"max-image-preview:large","max-video-preview":"max-video-preview:-1"},"canonical":"http:\/\/mirjamlandolt.com\/de\/schmolitz\/","og_locale":"de_DE","og_type":"article","og_title":"schmolitz - Mirjam Landolt","og_description":"court-m\u00e9trage documentaire de l'artiste Caroline Etter. 2018. 2K \/ couleur \/ 4 min. \/ Suisse. Cheffe-Op\u00e9ratrice : Mirjam Landolt","og_url":"http:\/\/mirjamlandolt.com\/de\/schmolitz\/","og_site_name":"Mirjam Landolt","article_modified_time":"2020-01-30T10:28:14+00:00","twitter_card":"summary_large_image","twitter_misc":{"Gesch\u00e4tzte Lesezeit":"2\u00a0Minuten"},"schema":{"@context":"https:\/\/schema.org","@graph":[{"@type":"WebPage","@id":"http:\/\/mirjamlandolt.com\/de\/schmolitz\/","url":"http:\/\/mirjamlandolt.com\/de\/schmolitz\/","name":"schmolitz - Mirjam Landolt","isPartOf":{"@id":"https:\/\/mirjamlandolt.com\/#website"},"datePublished":"2020-01-23T11:05:54+00:00","dateModified":"2020-01-30T10:28:14+00:00","description":"court-m\u00e9trage documentaire de l'artiste Caroline Etter. 2018. 2K \/ couleur \/ 4 min. \/ Suisse. Cheffe-Op\u00e9ratrice : Mirjam Landolt","breadcrumb":{"@id":"http:\/\/mirjamlandolt.com\/de\/schmolitz\/#breadcrumb"},"inLanguage":"de-CH","potentialAction":[{"@type":"ReadAction","target":["http:\/\/mirjamlandolt.com\/de\/schmolitz\/"]}]},{"@type":"BreadcrumbList","@id":"http:\/\/mirjamlandolt.com\/de\/schmolitz\/#breadcrumb","itemListElement":[{"@type":"ListItem","position":1,"name":"Accueil","item":"https:\/\/mirjamlandolt.com\/"},{"@type":"ListItem","position":2,"name":"schmolitz"}]},{"@type":"WebSite","@id":"https:\/\/mirjamlandolt.com\/#website","url":"https:\/\/mirjamlandolt.com\/","name":"Mirjam Landolt","description":"Portfolio","potentialAction":[{"@type":"SearchAction","target":{"@type":"EntryPoint","urlTemplate":"https:\/\/mirjamlandolt.com\/?s={search_term_string}"},"query-input":{"@type":"PropertyValueSpecification","valueRequired":true,"valueName":"search_term_string"}}],"inLanguage":"de-CH"}]}},"_links":{"self":[{"href":"https:\/\/mirjamlandolt.com\/de\/wp-json\/wp\/v2\/pages\/987","targetHints":{"allow":["GET"]}}],"collection":[{"href":"https:\/\/mirjamlandolt.com\/de\/wp-json\/wp\/v2\/pages"}],"about":[{"href":"https:\/\/mirjamlandolt.com\/de\/wp-json\/wp\/v2\/types\/page"}],"author":[{"embeddable":true,"href":"https:\/\/mirjamlandolt.com\/de\/wp-json\/wp\/v2\/users\/1"}],"replies":[{"embeddable":true,"href":"https:\/\/mirjamlandolt.com\/de\/wp-json\/wp\/v2\/comments?post=987"}],"version-history":[{"count":9,"href":"https:\/\/mirjamlandolt.com\/de\/wp-json\/wp\/v2\/pages\/987\/revisions"}],"predecessor-version":[{"id":1540,"href":"https:\/\/mirjamlandolt.com\/de\/wp-json\/wp\/v2\/pages\/987\/revisions\/1540"}],"wp:attachment":[{"href":"https:\/\/mirjamlandolt.com\/de\/wp-json\/wp\/v2\/media?parent=987"}],"curies":[{"name":"wp","href":"https:\/\/api.w.org\/{rel}","templated":true}]}}

<p>[et_pb_section fb_built= »1&Prime; custom_padding_last_edited= »on|phone » _builder_version= »4.2.2&Prime; background_color= »#fffffb » custom_margin= »||||false|true » custom_padding= »8%|5%|5%|5%|false|true » custom_padding_tablet= » » custom_padding_phone= »1%||||false|true »][et_pb_row column_structure= »3_5,2_5&Prime; custom_padding_last_edited= »on|phone » _builder_version= »4.2.2&Prime; width= »100% » max_width= »2560px » custom_margin= »||||false|false » custom_padding= »||||false|true » custom_padding_tablet= »||||false|true » custom_padding_phone= »||||false|true »][et_pb_column type= »3_5&Prime; _builder_version= »4.1&Prime;][et_pb_code _builder_version= »4.2.2&Prime; custom_margin= »||0px||false|false »]<iframe loading="lazy" src="https://player.vimeo.com/video/274708223?portrait=0" width="640" height="480" frameborder="0" allow="autoplay; fullscreen" allowfullscreen></iframe>[/et_pb_code][et_pb_text _builder_version= »4.2.2&Prime; custom_padding= »||||false|false » hover_enabled= »0&Prime; content_last_edited= »on|tablet » content_phone= »</p>
<p>schmolitz – court-métrage <br />© 2018, caroline etter</p>
<p> » text_font_size_last_edited= »on|phone » text_font_size_phone= »12px » text_line_height_last_edited= »on|phone » text_line_height_phone= »1em » custom_padding_last_edited= »on|phone » custom_padding_phone= »2%||||false|false »]</p>
<p>schmolitz – kurzfilm © 2018 caroline etter</p>
<p>[/et_pb_text][/et_pb_column][et_pb_column type= »2_5&Prime; _builder_version= »4.1&Prime;][et_pb_text _builder_version= »4.2.2&Prime; header_font= »DM Sans|||||||| » header_font_size= »4vw » custom_padding= »||||false|false » header_font_size_tablet= »8vw » header_font_size_phone= »10vw » header_font_size_last_edited= »on|phone »]</p>
<h1>schmolitz</h1>
<p>Kamera für Dokumentar-Kurzfilm<br /> von <a href="https://www.carolineetter.com/" target="_blank" rel="noopener noreferrer"><span style="text-decoration: underline;">caroline etter</span></a>, 2018</p>
<p>[/et_pb_text][et_pb_text _builder_version= »4.2.2&Prime; custom_padding= »3%||3%|0%|true|false » border_width_top= »2px » border_width_bottom= »2px »]</p>
<p>2K / Farbe / 4 min / Schweiz<br /> ★ carte blanche, <span style="text-decoration: underline;">Musée de l’Elysée</span>, <br />La nuit de l’image, Lausanne<br /> ★ Selektion <span style="text-decoration: underline;">Kasseler Dokfest,</span> Deutschland, 2018</p>
<p>[/et_pb_text][et_pb_text _builder_version= »4.2.2&Prime; custom_margin= »||||false|false »]</p>
<p><span>Schmolitz, ein Westschweizer Ausdruck für ein Ritual, bei dem zwei Personen, Glas in der Hand, ihren rechten Arm kreuzen und dann gemeinsam ihr Glas leeren. Das Eis wird so gebrochen und man wird von Fremden zu Kameraden...</span></p>
<p>[/et_pb_text][/et_pb_column][/et_pb_row][/et_pb_section]</p>

<p>schmolitz – court-métrage © 2018, caroline etter schmolitz image sur le court-métrage documentaire de caroline etter, 20182K / couleur / 4 min. / Suisse ★ carte blanche, Musée de l’Elysée, La nuit de l’image, Lausanne ★ sélection Kasseler Dokfest, Allemagne, 2018Schmolitz, cette expression suisse romande désigne un rituel au cours duquel deux personnes, verre à la main, croisent le [&hellip;]</p>

<!-- This site is optimized with the Yoast SEO plugin v23.9 - https://yoast.com/wordpress/plugins/seo/ -->
<title>schmolitz - Mirjam Landolt</title>
<meta name="description" content="court-métrage documentaire de l&#039;artiste Caroline Etter. 2018. 2K / couleur / 4 min. / Suisse. Cheffe-Opératrice : Mirjam Landolt" />
<meta name="robots" content="index, follow, max-snippet:-1, max-image-preview:large, max-video-preview:-1" />
<link rel="canonical" href="http://mirjamlandolt.com/de/schmolitz/" />
<meta property="og:locale" content="de_DE" />
<meta property="og:type" content="article" />
<meta property="og:title" content="schmolitz - Mirjam Landolt" />
<meta property="og:description" content="court-métrage documentaire de l&#039;artiste Caroline Etter. 2018. 2K / couleur / 4 min. / Suisse. Cheffe-Opératrice : Mirjam Landolt" />
<meta property="og:url" content="http://mirjamlandolt.com/de/schmolitz/" />
<meta property="og:site_name" content="Mirjam Landolt" />
<meta property="article:modified_time" content="2020-01-30T10:28:14+00:00" />
<meta name="twitter:card" content="summary_large_image" />
<meta name="twitter:label1" content="Geschätzte Lesezeit" />
	<meta name="twitter:data1" content="2 Minuten" />
<script type="application/ld+json" class="yoast-schema-graph">{"@context":"https://schema.org","@graph":[{"@type":"WebPage","@id":"http://mirjamlandolt.com/de/schmolitz/","url":"http://mirjamlandolt.com/de/schmolitz/","name":"schmolitz - Mirjam Landolt","isPartOf":{"@id":"https://mirjamlandolt.com/#website"},"datePublished":"2020-01-23T11:05:54+00:00","dateModified":"2020-01-30T10:28:14+00:00","description":"court-métrage documentaire de l'artiste Caroline Etter. 2018. 2K / couleur / 4 min. / Suisse. Cheffe-Opératrice : Mirjam Landolt","breadcrumb":{"@id":"http://mirjamlandolt.com/de/schmolitz/#breadcrumb"},"inLanguage":"de-CH","potentialAction":[{"@type":"ReadAction","target":["http://mirjamlandolt.com/de/schmolitz/"]}]},{"@type":"BreadcrumbList","@id":"http://mirjamlandolt.com/de/schmolitz/#breadcrumb","itemListElement":[{"@type":"ListItem","position":1,"name":"Accueil","item":"https://mirjamlandolt.com/"},{"@type":"ListItem","position":2,"name":"schmolitz"}]},{"@type":"WebSite","@id":"https://mirjamlandolt.com/#website","url":"https://mirjamlandolt.com/","name":"Mirjam Landolt","description":"Portfolio","potentialAction":[{"@type":"SearchAction","target":{"@type":"EntryPoint","urlTemplate":"https://mirjamlandolt.com/?s={search_term_string}"},"query-input":{"@type":"PropertyValueSpecification","valueRequired":true,"valueName":"search_term_string"}}],"inLanguage":"de-CH"}]}</script>
<!-- / Yoast SEO plugin. -->

court-métrage documentaire de l'artiste Caroline Etter. 2018. 2K / couleur / 4 min. / Suisse. Cheffe-Opératrice : Mirjam Landolt
