{"id":975,"date":"2020-01-23T12:00:41","date_gmt":"2020-01-23T11:00:41","guid":{"rendered":"http:\/\/gwgyaakhw.preview.infomaniak.website\/?page_id=975"},"modified":"2020-01-30T11:30:28","modified_gmt":"2020-01-30T10:30:28","slug":"chiens-des-champs","status":"publish","type":"page","link":"https:\/\/mirjamlandolt.com\/de\/chiens-des-champs\/","title":{"rendered":"from the fields"},"content":{"rendered":"<p>[et_pb_section fb_built=\u00a0\u00bb1&Prime; custom_padding_last_edited=\u00a0\u00bbon|phone\u00a0\u00bb _builder_version=\u00a0\u00bb4.2.2&Prime; background_color=\u00a0\u00bb#fffffb\u00a0\u00bb custom_margin=\u00a0\u00bb||||false|true\u00a0\u00bb custom_padding=\u00a0\u00bb8%|5%|5%|5%|false|true\u00a0\u00bb custom_padding_tablet=\u00a0\u00bb\u00a0\u00bb custom_padding_phone=\u00a0\u00bb1%||||false|true\u00a0\u00bb][et_pb_row column_structure=\u00a0\u00bb3_5,2_5&Prime; custom_padding_last_edited=\u00a0\u00bbon|phone\u00a0\u00bb _builder_version=\u00a0\u00bb4.2.2&Prime; width=\u00a0\u00bb100%\u00a0\u00bb max_width=\u00a0\u00bb2560px\u00a0\u00bb custom_margin=\u00a0\u00bb||||false|false\u00a0\u00bb custom_padding=\u00a0\u00bb||||false|true\u00a0\u00bb custom_padding_tablet=\u00a0\u00bb||||false|true\u00a0\u00bb custom_padding_phone=\u00a0\u00bb||||false|true\u00a0\u00bb][et_pb_column type=\u00a0\u00bb3_5&Prime; _builder_version=\u00a0\u00bb4.1&Prime;][et_pb_code _builder_version=\u00a0\u00bb4.2.2&Prime; custom_margin=\u00a0\u00bb||0px||false|false\u00a0\u00bb]<iframe loading=\"lazy\" src=\"https:\/\/player.vimeo.com\/video\/152572235\" width=\"640\" height=\"360\" frameborder=\"0\" allow=\"autoplay; fullscreen\" allowfullscreen><\/iframe>[\/et_pb_code][et_pb_text _builder_version=\u00a0\u00bb4.2.2&Prime; custom_padding=\u00a0\u00bb||||false|false\u00a0\u00bb hover_enabled=\u00a0\u00bb0&Prime; content_last_edited=\u00a0\u00bbon|phone\u00a0\u00bb content_phone=\u00a0\u00bb<\/p>\n<p>chiens des champs \u2013 extraits <br \/>\u00a9 2015, rachel vulliens<\/p>\n<p>\u00a0\u00bb text_font_size_last_edited=\u00a0\u00bbon|phone\u00a0\u00bb text_font_size_phone=\u00a0\u00bb12px\u00a0\u00bb text_line_height_last_edited=\u00a0\u00bbon|phone\u00a0\u00bb text_line_height_phone=\u00a0\u00bb1em\u00a0\u00bb custom_padding_last_edited=\u00a0\u00bbon|phone\u00a0\u00bb custom_padding_phone=\u00a0\u00bb2%||||false|false\u00a0\u00bb]<\/p>\n<p>from the fields \u2013 ausschnitte \u00a9 2015, rachel vulliens<\/p>\n<p>[\/et_pb_text][\/et_pb_column][et_pb_column type=\u00a0\u00bb2_5&Prime; _builder_version=\u00a0\u00bb4.1&Prime;][et_pb_text _builder_version=\u00a0\u00bb4.2.2&Prime; header_font=\u00a0\u00bbDM Sans||||||||\u00a0\u00bb header_font_size=\u00a0\u00bb4vw\u00a0\u00bb custom_padding=\u00a0\u00bb||||false|false\u00a0\u00bb header_font_size_tablet=\u00a0\u00bb8vw\u00a0\u00bb header_font_size_phone=\u00a0\u00bb10vw\u00a0\u00bb header_font_size_last_edited=\u00a0\u00bbon|phone\u00a0\u00bb]<\/p>\n<h1>from the fields<\/h1>\n<p>Kamera f\u00fcr den Dokumentarfilm\u00a0<br \/>von\u00a0<span style=\"text-decoration: underline;\">rachel vulliens<\/span>, 2015<\/p>\n<p>[\/et_pb_text][et_pb_text _builder_version=\u00a0\u00bb4.2.2&Prime; custom_padding=\u00a0\u00bb3%||3%||true|false\u00a0\u00bb border_width_top=\u00a0\u00bb2px\u00a0\u00bb border_width_bottom=\u00a0\u00bb2px\u00a0\u00bb]<\/p>\n<p>HD \/ Farbe \/ 45 min \/ Schweiz<br \/> Produktion : <span style=\"text-decoration: underline;\">Vue sur mer Films<br \/><\/span>\u2605 Selektionen 2016 :<span style=\"text-decoration: underline;\"> Vision du R\u00e9el<\/span> Nyon, <span style=\"text-decoration: underline;\">Silhouette<\/span>\u00a0Paris, <span style=\"text-decoration: underline;\">\u00c9tats g\u00e9n\u00e9raux du film documentaire<\/span> Lussas<\/p>\n<p>[\/et_pb_text][et_pb_text _builder_version=\u00a0\u00bb4.2.2&Prime; custom_margin=\u00a0\u00bb||||false|false\u00a0\u00bb]<\/p>\n<p>Das Leben auf dem Bauernhof. Es gibt die Gesten der Kleinen und die der Grossen. Spiel und Arbeit vermischen sich, und abends versammeln sich die Freunde am Feuer, bevor \u00fcber dem Wald die Nacht hereinbricht.<\/p>\n<p>[\/et_pb_text][\/et_pb_column][\/et_pb_row][\/et_pb_section]<\/p>","protected":false},"excerpt":{"rendered":"<p>chiens des champs \u2013 extraits \u00a9 2015, rachel vullienschiens des champs images sur le film documentaire\u00a0de\u00a0rachel vulliens, 2015HD \/ couleur \/ 45 min. \/ Suisse Production : Vue sur mer Films\u2605 s\u00e9lections 2016 : Vision du R\u00e9el Nyon, Silhouette\u00a0Paris, \u00c9tats g\u00e9n\u00e9raux du film documentaire LussasL\u2019enfance, l\u2019insouciance de la vie dans une ferme suisse. Il y [&hellip;]<\/p>","protected":false},"author":1,"featured_media":0,"parent":0,"menu_order":0,"comment_status":"closed","ping_status":"closed","template":"","meta":{"_et_pb_use_builder":"on","_et_pb_old_content":"","_et_gb_content_width":"","footnotes":""},"class_list":["post-975","page","type-page","status-publish","hentry"],"yoast_head":"<!-- This site is optimized with the Yoast SEO plugin v23.9 - https:\/\/yoast.com\/wordpress\/plugins\/seo\/ -->\n<title>chiens des champs - Mirjam Landolt<\/title>\n<meta name=\"description\" content=\"film de Rachel Vulliens. 2015 \/ HD \/ couleur \/ 45 min. \/ Suisse. Vue sur mer Films. Cheffes-Op\u00e9ratrices : Mirjam Landolt et Rachel Vulliens\" \/>\n<meta name=\"robots\" content=\"index, follow, max-snippet:-1, max-image-preview:large, max-video-preview:-1\" \/>\n<link rel=\"canonical\" href=\"https:\/\/mirjamlandolt.com\/de\/chiens-des-champs\/\" \/>\n<meta property=\"og:locale\" content=\"de_DE\" \/>\n<meta property=\"og:type\" content=\"article\" \/>\n<meta property=\"og:title\" content=\"chiens des champs - Mirjam Landolt\" \/>\n<meta property=\"og:description\" content=\"film de Rachel Vulliens. 2015 \/ HD \/ couleur \/ 45 min. \/ Suisse. Vue sur mer Films. Cheffes-Op\u00e9ratrices : Mirjam Landolt et Rachel Vulliens\" \/>\n<meta property=\"og:url\" content=\"https:\/\/mirjamlandolt.com\/de\/chiens-des-champs\/\" \/>\n<meta property=\"og:site_name\" content=\"Mirjam Landolt\" \/>\n<meta property=\"article:modified_time\" content=\"2020-01-30T10:30:28+00:00\" \/>\n<meta name=\"twitter:card\" content=\"summary_large_image\" \/>\n<meta name=\"twitter:label1\" content=\"Gesch\u00e4tzte Lesezeit\" \/>\n\t<meta name=\"twitter:data1\" content=\"2\u00a0Minuten\" \/>\n<script type=\"application\/ld+json\" class=\"yoast-schema-graph\">{\"@context\":\"https:\/\/schema.org\",\"@graph\":[{\"@type\":\"WebPage\",\"@id\":\"https:\/\/mirjamlandolt.com\/chiens-des-champs\/\",\"url\":\"https:\/\/mirjamlandolt.com\/chiens-des-champs\/\",\"name\":\"chiens des champs - Mirjam Landolt\",\"isPartOf\":{\"@id\":\"https:\/\/mirjamlandolt.com\/#website\"},\"datePublished\":\"2020-01-23T11:00:41+00:00\",\"dateModified\":\"2020-01-30T10:30:28+00:00\",\"description\":\"film de Rachel Vulliens. 2015 \/ HD \/ couleur \/ 45 min. \/ Suisse. Vue sur mer Films. Cheffes-Op\u00e9ratrices : Mirjam Landolt et Rachel Vulliens\",\"breadcrumb\":{\"@id\":\"https:\/\/mirjamlandolt.com\/chiens-des-champs\/#breadcrumb\"},\"inLanguage\":\"de-CH\",\"potentialAction\":[{\"@type\":\"ReadAction\",\"target\":[\"https:\/\/mirjamlandolt.com\/chiens-des-champs\/\"]}]},{\"@type\":\"BreadcrumbList\",\"@id\":\"https:\/\/mirjamlandolt.com\/chiens-des-champs\/#breadcrumb\",\"itemListElement\":[{\"@type\":\"ListItem\",\"position\":1,\"name\":\"Accueil\",\"item\":\"https:\/\/mirjamlandolt.com\/\"},{\"@type\":\"ListItem\",\"position\":2,\"name\":\"chiens des champs\"}]},{\"@type\":\"WebSite\",\"@id\":\"https:\/\/mirjamlandolt.com\/#website\",\"url\":\"https:\/\/mirjamlandolt.com\/\",\"name\":\"Mirjam Landolt\",\"description\":\"Portfolio\",\"potentialAction\":[{\"@type\":\"SearchAction\",\"target\":{\"@type\":\"EntryPoint\",\"urlTemplate\":\"https:\/\/mirjamlandolt.com\/?s={search_term_string}\"},\"query-input\":{\"@type\":\"PropertyValueSpecification\",\"valueRequired\":true,\"valueName\":\"search_term_string\"}}],\"inLanguage\":\"de-CH\"}]}<\/script>\n<!-- \/ Yoast SEO plugin. -->","yoast_head_json":{"title":"chiens des champs - Mirjam Landolt","description":"film de Rachel Vulliens. 2015 \/ HD \/ couleur \/ 45 min. \/ Suisse. Vue sur mer Films. Cheffes-Op\u00e9ratrices : Mirjam Landolt et Rachel Vulliens","robots":{"index":"index","follow":"follow","max-snippet":"max-snippet:-1","max-image-preview":"max-image-preview:large","max-video-preview":"max-video-preview:-1"},"canonical":"https:\/\/mirjamlandolt.com\/de\/chiens-des-champs\/","og_locale":"de_DE","og_type":"article","og_title":"chiens des champs - Mirjam Landolt","og_description":"film de Rachel Vulliens. 2015 \/ HD \/ couleur \/ 45 min. \/ Suisse. Vue sur mer Films. Cheffes-Op\u00e9ratrices : Mirjam Landolt et Rachel Vulliens","og_url":"https:\/\/mirjamlandolt.com\/de\/chiens-des-champs\/","og_site_name":"Mirjam Landolt","article_modified_time":"2020-01-30T10:30:28+00:00","twitter_card":"summary_large_image","twitter_misc":{"Gesch\u00e4tzte Lesezeit":"2\u00a0Minuten"},"schema":{"@context":"https:\/\/schema.org","@graph":[{"@type":"WebPage","@id":"https:\/\/mirjamlandolt.com\/chiens-des-champs\/","url":"https:\/\/mirjamlandolt.com\/chiens-des-champs\/","name":"chiens des champs - Mirjam Landolt","isPartOf":{"@id":"https:\/\/mirjamlandolt.com\/#website"},"datePublished":"2020-01-23T11:00:41+00:00","dateModified":"2020-01-30T10:30:28+00:00","description":"film de Rachel Vulliens. 2015 \/ HD \/ couleur \/ 45 min. \/ Suisse. Vue sur mer Films. Cheffes-Op\u00e9ratrices : Mirjam Landolt et Rachel Vulliens","breadcrumb":{"@id":"https:\/\/mirjamlandolt.com\/chiens-des-champs\/#breadcrumb"},"inLanguage":"de-CH","potentialAction":[{"@type":"ReadAction","target":["https:\/\/mirjamlandolt.com\/chiens-des-champs\/"]}]},{"@type":"BreadcrumbList","@id":"https:\/\/mirjamlandolt.com\/chiens-des-champs\/#breadcrumb","itemListElement":[{"@type":"ListItem","position":1,"name":"Accueil","item":"https:\/\/mirjamlandolt.com\/"},{"@type":"ListItem","position":2,"name":"chiens des champs"}]},{"@type":"WebSite","@id":"https:\/\/mirjamlandolt.com\/#website","url":"https:\/\/mirjamlandolt.com\/","name":"Mirjam Landolt","description":"Portfolio","potentialAction":[{"@type":"SearchAction","target":{"@type":"EntryPoint","urlTemplate":"https:\/\/mirjamlandolt.com\/?s={search_term_string}"},"query-input":{"@type":"PropertyValueSpecification","valueRequired":true,"valueName":"search_term_string"}}],"inLanguage":"de-CH"}]}},"_links":{"self":[{"href":"https:\/\/mirjamlandolt.com\/de\/wp-json\/wp\/v2\/pages\/975","targetHints":{"allow":["GET"]}}],"collection":[{"href":"https:\/\/mirjamlandolt.com\/de\/wp-json\/wp\/v2\/pages"}],"about":[{"href":"https:\/\/mirjamlandolt.com\/de\/wp-json\/wp\/v2\/types\/page"}],"author":[{"embeddable":true,"href":"https:\/\/mirjamlandolt.com\/de\/wp-json\/wp\/v2\/users\/1"}],"replies":[{"embeddable":true,"href":"https:\/\/mirjamlandolt.com\/de\/wp-json\/wp\/v2\/comments?post=975"}],"version-history":[{"count":11,"href":"https:\/\/mirjamlandolt.com\/de\/wp-json\/wp\/v2\/pages\/975\/revisions"}],"predecessor-version":[{"id":1542,"href":"https:\/\/mirjamlandolt.com\/de\/wp-json\/wp\/v2\/pages\/975\/revisions\/1542"}],"wp:attachment":[{"href":"https:\/\/mirjamlandolt.com\/de\/wp-json\/wp\/v2\/media?parent=975"}],"curies":[{"name":"wp","href":"https:\/\/api.w.org\/{rel}","templated":true}]}}

<p>[et_pb_section fb_built= »1&Prime; custom_padding_last_edited= »on|phone » _builder_version= »4.2.2&Prime; background_color= »#fffffb » custom_margin= »||||false|true » custom_padding= »8%|5%|5%|5%|false|true » custom_padding_tablet= » » custom_padding_phone= »1%||||false|true »][et_pb_row column_structure= »3_5,2_5&Prime; custom_padding_last_edited= »on|phone » _builder_version= »4.2.2&Prime; width= »100% » max_width= »2560px » custom_margin= »||||false|false » custom_padding= »||||false|true » custom_padding_tablet= »||||false|true » custom_padding_phone= »||||false|true »][et_pb_column type= »3_5&Prime; _builder_version= »4.1&Prime;][et_pb_code _builder_version= »4.2.2&Prime; custom_margin= »||0px||false|false »]<iframe loading="lazy" src="https://player.vimeo.com/video/152572235" width="640" height="360" frameborder="0" allow="autoplay; fullscreen" allowfullscreen></iframe>[/et_pb_code][et_pb_text _builder_version= »4.2.2&Prime; custom_padding= »||||false|false » hover_enabled= »0&Prime; content_last_edited= »on|phone » content_phone= »</p>
<p>chiens des champs – extraits <br />© 2015, rachel vulliens</p>
<p> » text_font_size_last_edited= »on|phone » text_font_size_phone= »12px » text_line_height_last_edited= »on|phone » text_line_height_phone= »1em » custom_padding_last_edited= »on|phone » custom_padding_phone= »2%||||false|false »]</p>
<p>from the fields – ausschnitte © 2015, rachel vulliens</p>
<p>[/et_pb_text][/et_pb_column][et_pb_column type= »2_5&Prime; _builder_version= »4.1&Prime;][et_pb_text _builder_version= »4.2.2&Prime; header_font= »DM Sans|||||||| » header_font_size= »4vw » custom_padding= »||||false|false » header_font_size_tablet= »8vw » header_font_size_phone= »10vw » header_font_size_last_edited= »on|phone »]</p>
<h1>from the fields</h1>
<p>Kamera für den Dokumentarfilm <br />von <span style="text-decoration: underline;">rachel vulliens</span>, 2015</p>
<p>[/et_pb_text][et_pb_text _builder_version= »4.2.2&Prime; custom_padding= »3%||3%||true|false » border_width_top= »2px » border_width_bottom= »2px »]</p>
<p>HD / Farbe / 45 min / Schweiz<br /> Produktion : <span style="text-decoration: underline;">Vue sur mer Films<br /></span>★ Selektionen 2016 :<span style="text-decoration: underline;"> Vision du Réel</span> Nyon, <span style="text-decoration: underline;">Silhouette</span> Paris, <span style="text-decoration: underline;">États généraux du film documentaire</span> Lussas</p>
<p>[/et_pb_text][et_pb_text _builder_version= »4.2.2&Prime; custom_margin= »||||false|false »]</p>
<p>Das Leben auf dem Bauernhof. Es gibt die Gesten der Kleinen und die der Grossen. Spiel und Arbeit vermischen sich, und abends versammeln sich die Freunde am Feuer, bevor über dem Wald die Nacht hereinbricht.</p>
<p>[/et_pb_text][/et_pb_column][/et_pb_row][/et_pb_section]</p>

<p>chiens des champs – extraits © 2015, rachel vullienschiens des champs images sur le film documentaire de rachel vulliens, 2015HD / couleur / 45 min. / Suisse Production : Vue sur mer Films★ sélections 2016 : Vision du Réel Nyon, Silhouette Paris, États généraux du film documentaire LussasL’enfance, l’insouciance de la vie dans une ferme suisse. Il y [&hellip;]</p>

<!-- This site is optimized with the Yoast SEO plugin v23.9 - https://yoast.com/wordpress/plugins/seo/ -->
<title>chiens des champs - Mirjam Landolt</title>
<meta name="description" content="film de Rachel Vulliens. 2015 / HD / couleur / 45 min. / Suisse. Vue sur mer Films. Cheffes-Opératrices : Mirjam Landolt et Rachel Vulliens" />
<meta name="robots" content="index, follow, max-snippet:-1, max-image-preview:large, max-video-preview:-1" />
<link rel="canonical" href="https://mirjamlandolt.com/de/chiens-des-champs/" />
<meta property="og:locale" content="de_DE" />
<meta property="og:type" content="article" />
<meta property="og:title" content="chiens des champs - Mirjam Landolt" />
<meta property="og:description" content="film de Rachel Vulliens. 2015 / HD / couleur / 45 min. / Suisse. Vue sur mer Films. Cheffes-Opératrices : Mirjam Landolt et Rachel Vulliens" />
<meta property="og:url" content="https://mirjamlandolt.com/de/chiens-des-champs/" />
<meta property="og:site_name" content="Mirjam Landolt" />
<meta property="article:modified_time" content="2020-01-30T10:30:28+00:00" />
<meta name="twitter:card" content="summary_large_image" />
<meta name="twitter:label1" content="Geschätzte Lesezeit" />
	<meta name="twitter:data1" content="2 Minuten" />
<script type="application/ld+json" class="yoast-schema-graph">{"@context":"https://schema.org","@graph":[{"@type":"WebPage","@id":"https://mirjamlandolt.com/chiens-des-champs/","url":"https://mirjamlandolt.com/chiens-des-champs/","name":"chiens des champs - Mirjam Landolt","isPartOf":{"@id":"https://mirjamlandolt.com/#website"},"datePublished":"2020-01-23T11:00:41+00:00","dateModified":"2020-01-30T10:30:28+00:00","description":"film de Rachel Vulliens. 2015 / HD / couleur / 45 min. / Suisse. Vue sur mer Films. Cheffes-Opératrices : Mirjam Landolt et Rachel Vulliens","breadcrumb":{"@id":"https://mirjamlandolt.com/chiens-des-champs/#breadcrumb"},"inLanguage":"de-CH","potentialAction":[{"@type":"ReadAction","target":["https://mirjamlandolt.com/chiens-des-champs/"]}]},{"@type":"BreadcrumbList","@id":"https://mirjamlandolt.com/chiens-des-champs/#breadcrumb","itemListElement":[{"@type":"ListItem","position":1,"name":"Accueil","item":"https://mirjamlandolt.com/"},{"@type":"ListItem","position":2,"name":"chiens des champs"}]},{"@type":"WebSite","@id":"https://mirjamlandolt.com/#website","url":"https://mirjamlandolt.com/","name":"Mirjam Landolt","description":"Portfolio","potentialAction":[{"@type":"SearchAction","target":{"@type":"EntryPoint","urlTemplate":"https://mirjamlandolt.com/?s={search_term_string}"},"query-input":{"@type":"PropertyValueSpecification","valueRequired":true,"valueName":"search_term_string"}}],"inLanguage":"de-CH"}]}</script>
<!-- / Yoast SEO plugin. -->

film de Rachel Vulliens. 2015 / HD / couleur / 45 min. / Suisse. Vue sur mer Films. Cheffes-Opératrices : Mirjam Landolt et Rachel Vulliens
